{"id":20082,"date":"2025-05-30T09:16:47","date_gmt":"2025-05-30T09:16:47","guid":{"rendered":"https:\/\/www.modagriffe.it\/abbigliamento\/prodotto\/top-donna-4\/"},"modified":"2026-02-06T01:24:50","modified_gmt":"2026-02-06T01:24:50","slug":"top-donna-4","status":"publish","type":"product","link":"https:\/\/www.modagriffe.it\/abbigliamento\/prodotto\/top-donna-4\/","title":{"rendered":"TOP  DONNA"},"content":{"rendered":"<p>Questo top bikini a fascia con ferretto \u00e8 un&#8217;opzione comoda ed elegante per godersi l&#8217;estate in totale libert\u00e0. La sua struttura con coppa B e imbottitura fornisce un sostegno leggero e una vestibilit\u00e0 lusinghiera, mentre il suo design consente di indossarlo con o senza spalline, adattandosi ad ogni momento.<\/p>\n<p>Top bikini a fascia in micropiqu\u00e9 con stampa tropicale. Caratteristiche<br \/>\nCoppa B.<br \/>\nStile a fascia. Opzione senza spalline.<br \/>\nCinghie rimovibili legate intorno al collo.<br \/>\nCon anello.<br \/>\nCon riempimento.<br \/>\nTessuto trama micropiqu\u00e9.<br \/>\nStampa tropicale.<br \/>\nLa modella indossa la taglia 90B.<\/p>\n<p>90% poliammide, 10% elastan<\/p>\n","protected":false},"excerpt":{"rendered":"<p>TOP  DONNA<\/p>\n","protected":false},"featured_media":21041,"comment_status":"open","ping_status":"closed","template":"","meta":[],"product_brand":[],"product_cat":[642,347,295],"product_tag":[],"class_list":{"0":"post-20082","1":"product","2":"type-product","3":"status-publish","4":"has-post-thumbnail","6":"product_cat-costume-donna","7":"product_cat-donna-shop","8":"product_cat-shop","9":"pa_colore-var-1","10":"pa_marca-ysabelmora","11":"pa_taglia-85b","13":"first","14":"instock","15":"shipping-taxable","16":"purchasable","17":"product-type-variable","18":"has-default-attributes","19":"add-to-wishlist-after_add_to_cart"},"aioseo_notices":[],"_links":{"self":[{"href":"https:\/\/www.modagriffe.it\/abbigliamento\/wp-json\/wp\/v2\/product\/20082","targetHints":{"allow":["GET"]}}],"collection":[{"href":"https:\/\/www.modagriffe.it\/abbigliamento\/wp-json\/wp\/v2\/product"}],"about":[{"href":"https:\/\/www.modagriffe.it\/abbigliamento\/wp-json\/wp\/v2\/types\/product"}],"replies":[{"embeddable":true,"href":"https:\/\/www.modagriffe.it\/abbigliamento\/wp-json\/wp\/v2\/comments?post=20082"}],"wp:featuredmedia":[{"embeddable":true,"href":"https:\/\/www.modagriffe.it\/abbigliamento\/wp-json\/wp\/v2\/media\/21041"}],"wp:attachment":[{"href":"https:\/\/www.modagriffe.it\/abbigliamento\/wp-json\/wp\/v2\/media?parent=20082"}],"wp:term":[{"taxonomy":"product_brand","embeddable":true,"href":"https:\/\/www.modagriffe.it\/abbigliamento\/wp-json\/wp\/v2\/product_brand?post=20082"},{"taxonomy":"product_cat","embeddable":true,"href":"https:\/\/www.modagriffe.it\/abbigliamento\/wp-json\/wp\/v2\/product_cat?post=20082"},{"taxonomy":"product_tag","embeddable":true,"href":"https:\/\/www.modagriffe.it\/abbigliamento\/wp-json\/wp\/v2\/product_tag?post=20082"}],"curies":[{"name":"wp","href":"https:\/\/api.w.org\/{rel}","templated":true}]}}